ne h(d).
2
Suppose 5*y + 31 = 361. Suppose -y = -4*f + 14. Suppose -3*p - f = -8*p. Let j(q) = -q**3 + 2*q**2 + 4*q + 2. What is j(p)?
-14
Let j = 67 + -74. Let y(x) be the third derivative of x**4/24 - 2*x**3/3 + 49*x**2. What is y(j)?
-11
Let z = -3 - 1. Let f(c) be the third derivative of -c**5/60 - 5*c**4/24 - 5*c**3/6 + 67*c**2. What is f(z)?
-1
Let u(t) = t**3 + t**2 - 7. Let k = 28 - 15. Let o = k + -13. Suppose o*w = w. What is u(w)?
-7
Let p be (-17)/(-2) + (-4)/8. Suppose -3*i + y = 3*y - 14, -y = 2*i - p. Suppose -4*o = -v + i*v - 9, 5*v = -4*o - 3. Let h(a) = a**3 + 4*a**2 - 3. Give h(v).
6
Let u(s) = -38*s**2 - 33*s + 15. Let o(f) = 7*f**2 + 6*f - 3. Let j(y) = 11*o(y) + 2*u(y). Let t = -12 + 19. Suppose t - 1 = 2*b. Calculate j(b).
6
Let o(j) be the third derivative of j**4/4 - j**3/6 - 4*j**2. Let c(m) = -m. Let d(l) = -4*c(l) - o(l). Determine d(-3).
7
Let n(v) = -137*v + 9*v**2 - 14 + 142*v - 8*v**2. Determine n(-8).
10
Let m be 0 - (1 - 0 - -3). Suppose 3*y = -9, 3*y + 0*y = -4*x - 5. Let p(i) = -4*i + 4. Let f(c) = -c + 2. Let a(t) = x*p(t) - 2*f(t). Determine a(m).
8
Let b(x) = -x**3 + 4*x**2 - x - 2. Let m = 55 - 51. What is b(m)?
-6
Suppose 0 = 3*n + 5*c + 19, -4*n = -0*n - 5*c - 33. Suppose 0 = -n*b + 11 + 23. Let f(i) = -b*i**2 + 14*i**2 + 0 - 1. Determine f(1).
-4
Let p(t) be the third derivative of t**4/24 + t**2. Let f(m) = 478*m + 482. Let x be f(-1). Give p(x).
4
Let k = 445 + -457. Let j(w) = -w**3 - 13*w**2 - 13*w - 23. Give j(k).
-11
Suppose -3*y + 5*y - 7 = 5*r, -3 = 5*r + 2*y. Let o(i) = 9*i**3 + i + 1. Determine o(r).
-9
Let o(m) be the second derivative of m**3/3 + 2*m**2 - 14*m. Let z be (-9)/45 - 72/(-10). Determine o(z).
18
Let t(l) = -29*l**2 + 17*l - 20*l - 14 - l**3 + 45*l**2 - 26*l**2. Determine t(-10).
16
Let h(d) = d**2 + 8*d + 4. Let o(c) = -c**3 - 7*c**2 - 7. Let p be o(-7). Let u = p + 0. Calculate h(u).
-3
Let s(o) = 8*o**3 - 4*o**2 - 17*o - 16. Let g(v) = -v**3 + v**2 + 2*v + 3. Let d(u) = 7*g(u) + s(u). What is d(2)?
19
Let h(q) = 262*q + 261*q - 527*q + 8. Determine h(-9).
44
Suppose 9 = 5*i - 2*i, 5*i = z - 1. Suppose -14*w = -z*w + 12. Let l(r) = -r. Calculate l(w).
-6
Let h(p) = 7*p**2 + 3*p - 5. Let o(m) = -13*m**2 - 7*m + 10. Let c = -11 + 5. Let a(b) = c*o(b) - 11*h(b). What is a(-9)?
-5
Let x(l) = 0*l**3 + 4*l**3 - 2 - 5*l**3 - 15*l + 18*l. Suppose 3*b = 4*a - 6, b - 6*a + 7 = -3*a. What is x(b)?
-4
Let m(a) = a**3 - 4*a**2 + 2*a - 6. Let x be m(4). Let v(l) = 6*l - 3 + 10*l + 5*l - 19*l - l**x. What is v(2)?
-3
Suppose -2*p - 5*s - 15 - 1 = 0, 12 = -3*s. Let k be (-76)/10 - p/5. Let f(w) = -w - 6. Calculate f(k).
2
Let m(s) = 2*s - 2. Suppose 0 = r - 0*r - 5. Let z(c) be the second derivative of -c**2/2 - c. Let u(h) = r*z(h) - m(h). Calculate u(-4).
5
Let n(w) = -w**3 - 5*w**2 - 4. Let g = -53 - -48. What is n(g)?
-4
Let c(p) = 66 - p - 123 + 45. Determine c(-4).
-8
Let r(f) = -3*f + 58. Let l be r(20). Let j(i) = -5*i**2 + 5*i + 7. Let w(s) = 2*s**2 - 2*s - 3. Let z(d) = -4*j(d) - 9*w(d). Determine z(l).
11
Let g(j) be the third derivative of 0 - 1/6*j**3 + 1/120*j**6 + 0*j + 0*j**5 + 0*j**4 - 10*j**2. Suppose b + 4*u + 12 = 0, 3*b - 3*u = 2*b + 9. Calculate g(b).
-1
Let y(k) = -16*k**3 + k**2 + 13. Let d(v) = -4*v**3 + 3. Let a(m) = 9*d(m) - 2*y(m). Let g be -1*5 - (-5 + 3). Let t be 3 + 0 + g + 1. Determine a(t).
-5
Let x(f) = -f**3 - 3*f**2 - 6*f - 10. Let z be x(-3). Let d(n) = 18 + n**2 - z + 3*n + 1 - 8. Give d(-2).
1
Let g be (-5)/1*(3 - 4). Let o = 23 - 12. Let m(w) = -w**2 + 8*w - 1. Let z(x) = 2*x**2 - 16*x + 3. Let a(n) = o*m(n) + 6*z(n). Determine a(g).
-8
Let k(a) be the third derivative of -a**4/24 + a**3/3 - 1455*a**2. Suppose -3 = 4*l - 11. Let f be -7 - (0 - -1 - l). What is k(f)?
8
Let v(j) = -j**3 + 6*j**2 - 2*j - 4. Let x be v(4). Suppose 2*f + 3*f = -x. Let w(n) be the third derivative of n**4/24 + n**3/3 + 6*n**2. Give w(f).
-2
Let y(d) = d**2 - d - 1. Let m(g) = -2*g**3 + 9*g**2 - 8*g - 3. Let h(u) = -m(u) + 5*y(u). Suppose -2*s = -6*s - b + 3, 5*s - 5*b - 35 = 0. Determine h(s).
4
Let g(z) be the third derivative of -z**6/120 - z**5/60 + z**4/24 + z**3 - 179*z**2. Give g(0).
6
Let w(m) = m**3 - 4*m**2 - 3*m + 6. Let b be 8/((-522)/102 - -5). Let q = b - -73. Calculate w(q).
16
Suppose 383 = 16*g - 417. Suppose 3*x = 6*a - 5*a - 26, -5*x = -3*a + g. Let i(h) = 3*h - 11. Let j(d) = d - 5. Let p(q) = -2*i(q) + 5*j(q). What is p(x)?
4
Let w(q) = q**2 - 41 + 23*q + 31 + 26. Let s be w(-22). Let j(f) = f + 11. Calculate j(s).
5
Let q(r) = 84*r**3 + 3*r - 3*r + r**2 - 85*r**3 + 7. What is q(0)?
7
Suppose 0 = 8*v - 55 - 17. Let s(x) = 1 + 8*x - 14*x + v + 5*x. Calculate s(0).
10
Let a(n) = -13*n + 5. Let g(r) = -12*r + 5. Let z(l) = -5*a(l) + 6*g(l). Let m(f) = -6*f + 5. Let c(w) = 5*m(w) - 4*z(w). What is c(4)?
-3
Suppose 0 = -q + 5*q - 164. Let t = -35 + q. Let n(k) = 5*k + 5. Let c(d) = 3*d + 3. Let o(s) = -7*c(s) + 4*n(s). Give o(t).
-7
Suppose 23*y - 28*y + 10 = 0. Let g(m) = -9*m**y + 3*m**2 + 305*m**3 - 304*m**3 - 7. Let i(o) = 5*o**2 - 2*o - 1. Let p be i(-1). Determine g(p).
-7
Let h(u) = 2*u**2 + 22*u**3 + u + 8 - 32 + 24. Calculate h(-1).
-21
Let n(k) be the first derivative of k**3/3 + k**2 + 5. Suppose 8 - 11 = t. What is n(t)?
3
Let y(l) = -l**3 + 4*l**2 + 2*l + 4. Let w = 1489 - 1484. Give y(w).
-11
Let l(i) = -3*i**2 + 2*i - 1. Let m be l(1). Let k = 2 - m. Let j(g) = -g**2 + 3*g - 1. Determine j(k).
-5
Suppose 4*x - 6*x = 18. Let u(g) = -g**2 - 9*g - 8. Calculate u(x).
-8
Let t(p) = 2*p + 1. Let h = -10 + 20. Let j(u) be the first derivative of u**2/2 - 14*u - 1. Let o be j(h). Calculate t(o).
-7
Let r(d) be the second derivative of -d**3/2 + 2*d**2 + 86*d. Give r(6).
-14
Let y(l) = -12*l**2 - 2*l + 1. Let q(k) = 13*k**2 + 3*k - 2. Let x(z) = 2*q(z) + 3*y(z). Suppose 6*i + 12 = 4*i. Let t be i/(-10) - 1 - 69/115. Calculate x(t).
-11
Let n be (-2)/(-5) - (-56)/(-40). Let z(l) = -4*l**3 - 3. Let t(x) = 2*x**3 + 1. Let c(v) = -5*t(v) - 2*z(v). Calculate c(n).
3
Suppose 0 = -4*x + 2*w + 5 + 3, 0 = -5*x + 2*w + 11. Let y(b) = -x*b - 1 + 0 - 3*b + 4*b. Suppose 0 = 4*g + 6 + 6. Give y(g).
5
Suppose c = u - 8, -c - c - 43 = -5*u. Let m(x) = -u*x + 6 - 3 + 10*x. Calculate m(-6).
-3
Let y be 6 - (-7)/((-21)/12). Let f(g) = -5*g**y - 2*g - 15 + 32 - g**3 - 24. Give f(-5).
3
Let g(w) be the third derivative of 0*w + 0*w**3 + 0 - 14*w**2 - 13/24*w**4 - 1/720*w**6 + 1/24*w**5. Let t(x) be the second derivative of g(x). What is t(4)?
1
Let b(x) be the third derivative of -x**5/60 + x**4/24 + x**3/6 + 7*x**2. Let t(w) = -w**3 - 5*w**2 + 2*w + 3. Let g(z) = 3*b(z) - t(z). Give g(-3).
-12
Let h(j) = -4*j - 1512 + 0*j + 1523. What is h(5)?
-9
Let v be 2 - ((1 - 2) + 1). Let n(w) = 3*w**3 - 6*w**2 + w + 3. Let i be n(2). Let r(q) = -2*q + 5. Let a(d) = d - 3. Let o(k) = i*a(k) + 3*r(k). Give o(v).
-2
Let j(q) = -6*q - 32. Let k be j(-6). Suppose -k*r + 2 = -26. Let v(b) = 2*b - 7. Give v(r).
7
Suppose -k = 4*b + 27, 4*b + 3*k - 5*k = -30. Let v = b - -11. Let t(l) = 2 + l - v - 3*l. Calculate t(-3).
4
Let n(s) = -2*s - 8*s**2 + s**3 - 17*s**3 + 6 + 17*s**3. What is n(8)?
-10
Let z(y) = -y**3 + 6*y**2 + 6*y - 4. Let k be ((-12)/20)/((-12)/140). Determine z(k).
-11
Let b(g) be the first derivative of -g**4/12 - 7*g**3/6 - g**2 + 4*g + 9. Let d(h) be the first derivative of b(h). Let a be 15/(-2) - 1/(-2). Determine d(a).
-2
Let h(b) = b**3 + b**2 - 6. Suppose -7*x - 5*x = 5*x. Determine h(x).
-6
Let l(c) be the second derivative of 0 - 11*c + 2/3*c**3 - 1/2*c**2. Suppose -3*g - 2*f + 5 = 0, -3*f + 0 + 16 = -4*g. Determine l(g).
-5
Let y(a) = 5*a + a + a**2 + 2*a + 3 + 0*a. Suppose -2*l = l + 9. Determine y(l).
-12
Let q(s) = 4*s - 3. Suppose 0 = -5*z - 0*z + 15. Suppose 3*c + 5*t = 14, -5*c + 46 = -2*t - t. Suppose -z*n + 2*o = o - 10, 2*n - 2*o - c = 0. Give q(n).
9
Let a(v) = -v + 17. Let q be a(15). Let y(u) = u**2 + 4*u**q - 3*u**2 - 3*u**2 - 5*u + 2. Give y(-4).
6
Let x(b) = -31*b + 8. Let a(i) = 9*i - 3. Let d(q) = 7*a(q) + 2*x(q). Let c(g) = 9*g**2 - g. Let r be c(1). Give d(r).
3
Let x(l) = -l - 4. Let q be (-8 - 3) + (-21)/(-3). Give x(q).
0
Let h be 120/(-5 + 1)*(-2)/(-4). Let n(y) = -y**3 - 16*y**2 - 16*y - 12. Determine n(h).
3
Let q = 2/61 + -179/7320. L